8 - (-3 + -14 - -7)) + 9?
3
What is (16 - -1 - -1) + 1004 + -1008?
14
Calculate (5 - 12) + 25 + (-1 - -7).
24
What is 14 + -16 - 15 - -33?
16
What is 12 + -1 + (250 - 250)?
11
(-34 - -2) + (1190 - 1132)
26
What is 19 + (-54 - (-9 - 11))?
-15
Evaluate (-5 - (-12 + -6) - 3) + -12.
-2
Evaluate (3 - -1 - -28) + -17.
15
What is the value of -13 - (-15 + 18) - -31?
15
Calculate 30 + (-6 - -13) + -27 + 1 + 11.
22
1297 + -1326 + (-1 + 8 - 0)
-22
25 + (-22 - -31 - 15)
19
Calculate -30 + 43 + (-1 - 5) + 0 + 4.
11
Evaluate ((10 - 1) + -18 - -12) + 6.
9
Evaluate -10 - (3 + -19 + 10) - -8.
4
-17 + -2 + 3 + 0 + 2
-14
Evaluate -2 - (2 - 2) - (1 + -24).
21
Calculate 34 - (22 - (-30 + 25)).
7
What is 28 - (0 - (-23 + 2))?
7
Calculate 18 + 2 - 2 - (37 + -30).
11
Evaluate 7 + 1 + 12 + -25.
-5
Calculate (-7 - -6 - (-2 + 5)) + (1 - 4).
-7
What is the value of -27 + (36 - 9) - -6?
6
Evaluate (-13 - -45) + -9 + -10 + 4.
17
What is (-4 - 6) + 1 + 5 - (5 - 0)?
-9
Evaluate 1 + 0 + -2 - (275 + -278).
2
What is the value of (26 + -16 - 1) + 6?
15
What is (1 - ((-41 - -34) + (-5 - -1))) + -1?
11
What is (-3 + 3 + 4 - 0) + 3?
7
What is the value of -10 + 0 - (243 + -241) - -13?
1
What is the value of (-2 - -7 - (13 + -18)) + -11?
-1
Evaluate 15 + (4 + 20 - 55).
-16
What is the value of (-12 - -9) + 17 + -33?
-19
What is the value of (2 - -15) + -27 - -16?
6
Evaluate 2 + -1 + 3 + -1 + 2 + 4.
9
Calculate 2 - (-2 - (-2 + -1)) - (5 + -10).
6
What is (11 - -2) + (-47 - -33)?
-1
What is the value of (-24 - -9) + 28 - 6 - (5 + -1)?
3
1 + -63 + 51 + (-11 - -1)
-21
Evaluate 2 + 10 + -13 - 0.
-1
Evaluate -18 - (-27 + -2) - 16.
-5
What is -4 + 6 + -11 + (-2 - -3) + 7?
-1
Evaluate ((-2 - -6) + -2 - -15) + (25 - 29).
13
Evaluate -5 + (9 - (-32 + 21)).
15
Evaluate (-2 - -10) + -13 + 2 - (0 - 5).
2
What is -28 + 18 + -2 - -30?
18
Calculate -7 + 1 + 4 + 4 + 13.
15
What is the value of (19 - 26) + 16 + 1 + 0?
10
What is 7 - ((115 - 104) + -8 + 1)?
3
(-8 - (0 + -2)) + -5 + (0 - -16)
5
What is (26 + -8 - 9) + 7 - -2?
18
Calculate 5 + (2 - (-3 + 8)) - -10 - 0.
12
What is (-26 - -33 - 6) + -12?
-11
(0 - -2) + (11 - 1) - (264 - 271)
19
What is the value of -1 - (-11 - -6 - 3 - -13)?
-6
Calculate 138 + -151 - (0 - 13).
0
What is (-27 - 0) + (-22 + 4 + 13 - -3)?
-29
What is the value of (-17 - -9) + 3 + -1 + 0 + 1?
-5
Calculate -1 + 3 + (-7 - ((-2 - -1) + -3)).
-1
22 + (26 - 53) + 12 + 6
13
What is (11 - 25) + 13 + 12?
11
What is the value of (1 + -27 - -5) + 0 + (-3 - -11)?
-13
What is the value of -9 + 1 - (21 - 14 - 14)?
-1
What is the value of -9 + 23 + (-8 - -1) + 2 + -25?
-16
What is 22 + -16 + 3 + -36?
-27
Evaluate 816 - 779 - (1 - -9).
27
What is -26 + 34 - (-20 - -10)?
18
Calculate 11 + 66 + -74 + (3 - 1 - -9).
14
What is the value of (2 + 12 - 0) + -10?
4
-5 - 16 - (-12 - (0 + (-6 - 14)))
-29
Calculate (3 - 30 - (32 - (0 + 22))) + 8.
-29
-7 + 1 + (20 - ((2 - 14) + 21))
5
Evaluate -53 + 44 + (-10 - -1).
-18
Evaluate (14 - 21 - 2 - -6) + 1 + 1.
-1
Evaluate 12 - 13 - (1 - -4) - -9.
3
Evaluate 2 + (-7 - ((3 - 10) + -4 + 7)).
-1
What is the value of (-24 - (6 + -4 + -9)) + 2?
-15
What is 0 + 3 - (0 + 1 + 4 + 4)?
-6
What is 18 + (-27 - -30 - -13)?
34
What is the value of -1 + (9 - 3) + (6 - 7)?
4
Evaluate 3 + -10 + (9 - 4) + 5 + 7.
10
0 + (6 - -14) + -33
-13
What is the value of -20 - (-15 - 7) - -1?
3
Calculate (-93 - -94) + (2 - -9) + -5 + 6.
13
Evaluate (-1 - -11) + 28 + -36.
2
2 - (-7 + 38 + -9)
-20
(-2 - 2) + 11 + 13 - (2 - -1)
17
What is the value of -5 - (-5 + -10 + 4)?
6
What is the value of 2 + 2 + (-6 - -8) - 5 - -12?
13
What is the value of (9 - (8 + -4)) + -3 - -8?
10
Evaluate -14 + 3 + 14 - 8.
-5
Evaluate 3 - ((-17 - -3) + 19 + 1).
-3
What is the value of -27 + (21 - -4) - 24?
-26
Calculate (-26 + 36 - (-8 + 10)) + -2.
6
Evaluate -8 + 3 - (-3 + -10 - (-7 + 3)).
4
Evaluate -5 + -29 + 14 + 14.
-6
What is the value of (70 - 71) + (-3 - -2 - 1) - 7?
-10
What is (0 - 1) + (-5 - -8 - 1 - 7)?
-6
What is -4 - (24 + -13 - 2)?
-13
What is the value of 9 + -5 + 3 + -14 - (-9 - 6)?
8
-16 + -5 + 12 + 13
4
What is the value of (-2 - (3 + 5 - 8)) + 8?
6
0 + 17 + -7 + -9 + -22
-21
What is -15 - (-6 + -14) - 22?
-17
What is (3 - -19) + 15 + (-11 - 18)?
8
What is the value of (2 - 25 - -14) + (-5 - (5 + -7))?
-12
Evaluate -126 + 118 + (2 - 7).
-13
(6 - (2 + 15) - 9) + 3
-17
What is 0 + -1 - (104 + -110) - -6?
11
What is the value of (-1 - 14) + (0 - -4)?
-11
What is 15 + -4 + -19 + 17 - 17?
-8
What is 24 - (-28 - (-65 + 9))?
-4
0 - (-2 + -2) - 6 - (-4 + 5)
-3
What is -4 + (3 - -3 - 11) - -3?
-6
What is (-1 - -3) + (-15 - (23 - 33))?
-3
-11 + (9 - (11 - 11)) + 3
1
8 - 9 - (6 - (2 - 1)) - 8
-14
-23 + -4 + (-15 - -10)
-32
Calculate (0 - (-7 + 10 + 4 - 39)) + -3.
29
Evaluate 0 - (0 + 5 + -9 + 14 + -7).
-3
Evaluate (1 - (-1 + -2)) + (-20 - -28).
12
Calculate (-108 - -106) + (2 - (-9 - (1 + 0))).
10
4 - 15 - -24 - 24
-11
What is 43 + -67 + 0 + (7 - 0) + 3?
-14
Calculate (-16 - -69 - 33) + -55.
-35
What is -8 - (-2 + 1) - (51 + 9 + -53)?
-14
Calculate (46 - (31 + 12)) + (2 + 16 - -1).
22
Evaluate (43 + -28 - (14 - 2)) + 11.
14
What is the value of (0 + -2 - (6 - 11)) + 1 + 3?
7
(-30 - -14) + (17 - (6 - 5))
0
Evaluate -2 + 2 + (-4 - (9 + -17)).
4
Calculate 4 + -11 + 7 + 6 + -3.
3
What is the value of -5 - 0 - ((5 - 1) + 0 + -1)?
-8
Calculate -8 + -7 + 11 + (-6 - -3).
-7
Calculate -23 - (6 + -1) - -17 - -1.
-10
Evaluate 17 + -3 + -35 + (-6 - -8).
-19
Evaluate -4 + -12 - (-15 + -9).
8
Evaluate (80 - 70) + -10 + -12.
-12
What is (69 - 102) + (-2 - (-15 - (-11 - -5)))?
-26
Evaluate (5 - -5) + -14 - 1 - -3.
-2
(2 + 5 - (72 - 68)) + (-2 - -6)
7
Calculate -7 - (-42 + -7 + 21).
21
What is the value of -16 + 32 + (-38 - -35)?
13
11 + (-25 - -9) - -13
8
What is the value of 3 + (12 - 18) + 3?
0
175 + -177 + 1 + -13 + -7
-21
What is the value of 18 + -4 + 7 + (127 - 141)?
7
(-8 - -5) + (-3 + 17 - -25)
36
-3 + -11 + 26 + -3 + 1 + 10
20
(4 - -1) + -41 + (40 - 6) - -40
38
Calculate 5 + -1 + (-9 - -8) + 3.
6
What is 0 - -21 - (72 - 43)?
-8
Calculate (-18 - (-10 + 6) - -5) + -4.
-13
Calculate -21 - (11 - 9 - 18).
-5
What is the value of 129 + -117 - (18 + 2)?
-8
What is the value of (1 - 2) + 2 + (-56 - 0 - -84)?
29
What is the value of -7 + -3 - (15 - 11 - 23)?
9
What is the value of -9 + (-2 - 4) + (42 - 41)?
-14
Calculate -4 + (21 + (-3 - 3) - -4) + -2.
13
Evaluate 17 + -14 + -9 - (-1 + -6).
1
-12 + (-40 - -47) - (-4 - 0)
-1
What is (3 + 0 - (-1 + (9 - 2))) + -5?
-8
What is -5 + 0 + (7 + -12 - 5 - -1)?
-14
What is the value of (2 - -1) + (-13 + 19 - 20 - -11)?
0
What is the value of 8 - 32 - (-21 + 6)?
-9
What is (-2 - 9) + -7 + (5 - 4)?
-17
Calculate (-5 - (2 - (9 + -18)) - -7) + 24.
15
What is the value of -11 + 1 - 1 - (-16 + 20 + -6)?
-9
What is the value of -15 + 4 + 6 + -19 + 56?
32
What is the value of -2 + -2 + (11 - (17 + -8)) + 0?
-2
What is 0 - (-16 + 0 + 14)?
2
Evaluate -3 + (7 - (1 + -2)) + (-490 - -493).
8
What is the value of 14 + (0 - 22) + (-1 - -11)?
2
What is the value of -2 + (-2 - 5 - -6) - -13?
10
What is (-6 - 9) + (-11 - -18)?
-8
What is the value of 16 + -10 + -8 + -3 + 11?
6
29 + 6 + 5 + -23 + 12
29
218 + -212 - (-1 + 8)
-1
What is the value of -3 + 1 + -7 + -451 + 461?
1
Evaluate -5 - (11 - -5 - 11) - 9.
-19
What is the value of 1 + 28 + -2 - (21 + 13 + -32)?
25
Evaluate -5 - (-6 - (-9 - 0 - (70 - 78))).
0
Evaluate 0 + 8 + (3 - 15) - 3.
-7
-131 + 129 - (2 - 0)
-4
26 + -1 - (1 + -33 + 36)
21
What is the value of 19 + (10 - 8) - (6 - (-7 + 5))?
13
Calculate (-7 - (-14 - 3)) + 12 + -18.
4
Calculate -23 - (42 - (-42 + 125)).
18
(9 - 1) + (52 - 58)
2
Calculate 23 + -8 + -7 + 15 - 7.
16
What is the value of 16 + -11 + (4 - 15)?
-6
Calculate -1 + 18 - (125 + -112).
4
Evaluate 18 + (-11 - 20) - (-10 + -4).
1
Evaluate 33 - (10 + 2 + 21).
0
What is 5 - (15 + -20 - (1 + -6) - -2)?
3
Calculate (-12 - (-9 - -11)) + 10.
-4
-15 + 25 - 5 - (7 - -1)
-3
What is the value of -16 + (-9 - -11) - -30?
16
What is the value of -8 + 5 + -3 + (58 - 68)?
-16
Evaluate 1 + -6 + (-3 + -2 - 2).
-12
Calculate (5 + -5 - (14 + -3)) + 3.
-8
(-13 - -8 - (0 - (2 - -4))) + -6
-5
-1 + (2 - -7) - ((-14 - -4) + 9)
9
What is the value of -5 - -1 - 7 - (15 - 0)?
-26
-4 + 14 + -11 + 7 + -2
4
What is the value of 17 - 5 - (129 - 1